prime factors of 19773?
3, 13
What are the prime factors of 41703219?
3, 1787, 2593
List the prime factors of 4255926.
2, 3, 709321
What are the prime factors of 9350220?
2, 3, 5, 11, 31, 457
What are the prime factors of 3015153?
3, 31, 101, 107
List the prime factors of 1868167.
7, 37, 7213
What are the prime factors of 17140028?
2, 37, 115811
What are the prime factors of 33919?
107, 317
What are the prime factors of 900878?
2, 11, 40949
List the prime factors of 1691977.
7, 241711
What are the prime factors of 191546?
2, 95773
List the prime factors of 115655.
5, 23131
List the prime factors of 284877.
3, 3517
What are the prime factors of 11261028?
2, 3, 367, 2557
What are the prime factors of 41206?
2, 11, 1873
List the prime factors of 581663.
581663
List the prime factors of 804369.
3, 268123
What are the prime factors of 70229?
70229
List the prime factors of 51208.
2, 37, 173
What are the prime factors of 371395?
5, 74279
What are the prime factors of 172978?
2, 13, 6653
List the prime factors of 3715706.
2, 257, 7229
List the prime factors of 17265757.
53, 325769
What are the prime factors of 163787?
13, 43, 293
List the prime factors of 1723823.
1723823
What are the prime factors of 234407?
29, 59, 137
List the prime factors of 689398.
2, 83, 4153
List the prime factors of 17216081.
17216081
What are the prime factors of 1104788?
2, 179, 1543
List the prime factors of 19671605.
5, 37, 113, 941
List the prime factors of 67810.
2, 5, 6781
What are the prime factors of 5406432?
2, 3, 199, 283
List the prime factors of 4460999.
4460999
What are the prime factors of 731913?
3, 7, 13, 383
What are the prime factors of 9310888?
2, 47, 24763
What are the prime factors of 20160053?
20160053
What are the prime factors of 757613?
491, 1543
List the prime factors of 2073162.
2, 3, 7, 13, 3797
What are the prime factors of 25260884?
2, 11, 83, 6917
What are the prime factors of 303780?
2, 3, 5, 61, 83
List the prime factors of 33641.
33641
What are the prime factors of 4278042?
2, 3, 227, 349
List the prime factors of 403715.
5, 13, 6211
List the prime factors of 54003.
3, 47, 383
What are the prime factors of 399299?
41, 9739
List the prime factors of 830888.
2, 283, 367
List the prime factors of 16931846.
2, 911, 9293
List the prime factors of 53247.
3, 17749
List the prime factors of 5562001.
1789, 3109
List the prime factors of 15109097.
479, 31543
What are the prime factors of 5343708?
2, 3, 101, 4409
What are the prime factors of 2724023?
89, 127, 241
List the prime factors of 6167.
7, 881
What are the prime factors of 1624336?
2, 7, 14503
What are the prime factors of 807691?
23, 35117
List the prime factors of 4032498.
2, 3, 23, 29221
List the prime factors of 23250912.
2, 3, 242197
List the prime factors of 170961.
3, 7, 1163
What are the prime factors of 2197570?
2, 5, 219757
List the prime factors of 1089482.
2, 139, 3919
What are the prime factors of 244611?
3, 27179
List the prime factors of 7533230.
2, 5, 619, 1217
List the prime factors of 5102684.
2, 409, 3119
List the prime factors of 1057917.
3, 7, 50377
What are the prime factors of 364172?
2, 181, 503
What are the prime factors of 12894390?
2, 3, 5, 15919
List the prime factors of 341751.
3, 17, 6701
What are the prime factors of 1098703?
449, 2447
List the prime factors of 9605745.
3, 5, 213461
What are the prime factors of 247703?
19, 13037
List the prime factors of 10695664.
2, 7, 29, 37, 89
List the prime factors of 11282706.
2, 3, 37, 5647
What are the prime factors of 1476723?
3, 137, 3593
List the prime factors of 44497.
44497
What are the prime factors of 178402?
2, 7, 12743
What are the prime factors of 2033453?
23, 88411
What are the prime factors of 1141250?
2, 5, 11, 83
What are the prime factors of 29264323?
11, 61, 43613
What are the prime factors of 1098931?
17, 127, 509
List the prime factors of 35471.
79, 449
List the prime factors of 5680940.
2, 5, 479, 593
What are the prime factors of 84291?
3, 28097
List the prime factors of 1106005.
5, 221201
List the prime factors of 3062923.
53, 57791
List the prime factors of 2476567.
2476567
What are the prime factors of 21772460?
2, 5, 1088623
List the prime factors of 12438980.
2, 5, 331, 1879
What are the prime factors of 39320527?
39320527
List the prime factors of 1712655.
3, 5, 7, 5437
What are the prime factors of 186080?
2, 5, 1163
List the prime factors of 3073531.
101, 30431
What are the prime factors of 318481?
23, 61, 227
List the prime factors of 3760203.
3, 1253401
What are the prime factors of 931002?
2, 3, 155167
What are the prime factors of 120609?
3, 1489
List the prime factors of 57073.
57073
List the prime factors of 1092394.
2, 546197
List the prime factors of 294398.
2, 13, 67
List the prime factors of 163260.
2, 3, 5, 907
What are the prime factors of 8005518?
2, 3, 23, 61, 317
List the prime factors of 7116920.
2, 5, 181, 983
List the prime factors of 6079821.
3, 11, 29, 6353
List the prime factors of 26180161.
7, 127, 601
What are the prime factors of 165526?
2, 82763
What are the prime factors of 5755933?
5755933
What are the prime factors of 963843?
3, 101, 3181
List the prime factors of 3859381.
3859381
List the prime factors of 1223112.
2, 3, 11, 41, 113
List the prime factors of 1881368.
2, 235171
What are the prime factors of 1816448?
2, 23, 617
List the prime factors of 55825.
5, 7, 11, 29
List the prime factors of 14263348.
2, 11, 31, 10457
What are the prime factors of 59827?
29, 2063
List the prime factors of 3164224.
2, 7, 1009
What are the prime factors of 511539?
3, 7, 24359
List the prime factors of 3391295.
5, 61, 11119
List the prime factors of 674918.
2, 19, 17761
List the prime factors of 9946642.
2, 2087, 2383
What are the prime factors of 2885711?
503, 5737
List the prime factors of 13267198.
2, 7, 347, 2731
List the prime factors of 713807.
713807
What are the prime factors of 114238?
2, 57119
What are the prime factors of 1438514?
2, 7, 11, 9341
What are the prime factors of 2147207?
823, 2609
List the prime factors of 39944.
2, 4993
List the prime factors of 20994973.
59, 355847
What are the prime factors of 8286323?
787, 10529
What are the prime factors of 788129?
788129
What are the prime factors of 1606356?
2, 3, 44621
List the prime factors of 26240.
2, 5, 41
What are the prime factors of 21990131?
21990131
What are the prime factors of 53296?
2, 3331
What are the prime factors of 738466?
2, 61, 6053
What are the prime factors of 377203?
29, 13007
What are the prime factors of 17035320?
2, 3, 5, 141961
What are the prime factors of 3493343?
7, 383, 1303
List the prime factors of 21889297.
21889297
What are the prime factors of 249328?
2, 15583
What are the prime factors of 410289?
3, 11, 12433
What are the prime factors of 21134?
2, 10567
What are the prime factors of 362131?
7, 11, 4703
What are the prime factors of 22835991?
3, 7611997
What are the prime factors of 994608?
2, 3, 6907
What are the prime factors of 4644355?
5, 928871
What are the prime factors of 3064817?
7, 367, 1193
What are the prime factors of 7749951?
3, 11, 234847
List the prime factors of 2407806.
2, 3, 89, 167
List the prime factors of 422677.
167, 2531
What are the prime factors of 272834?
2, 136417
List the prime factors of 13665241.
277, 49333
What are the prime factors of 2319701?
17, 136453
List the prime factors of 2899257.
3, 966419
List the prime factors of 39609397.
39609397
What are the prime factors of 27945564?
2, 3, 61, 38177
What are the prime factors of 573998?
2, 286999
List the prime factors of 1695274.
2, 7, 17, 419
What are the prime factors of 3653035?
5, 19, 38453
What are the prime factors of 5561871?
3, 7, 59, 67
What are the prime factors of 4798733?
4798733
List the prime factors of 15991528.
2, 7, 29, 43, 229
List the prime factors of 10483143.
3, 11, 317671
What are the prime factors of 670385?
5, 134077
List the prime factors of 465028.
2, 116257
What are the prime factors of 9279474?
2, 3, 347, 4457
What are the prime factors of 95206?
2, 181, 263
List the prime factors of 101059.
7, 14437
What are the prime factors of 414333?
3, 19, 2423
List the prime factors of 65943.
3, 17, 431
What are the prime factors of 1088039?
1088039
What are the prime factors o